e?
True
Let v be -2 + 1 - 10/(-2). Suppose -1 = -2*k + 9. Is k*(0 + 1 + v) composite?
True
Is (-60528)/(-169) + 2/(-13) a prime number?
False
Let k(l) = 79*l**2 + 2*l + 2. Is k(-1) prime?
True
Suppose 4*c - 32 = -5*u + 299, -9 = -3*u. Is c prime?
True
Let j be -1 - (-2 + 1183)*-1. Suppose -5*k + 2*u + j = 7*u, 3*k - 676 = 5*u. Let b = -143 + k. Is b composite?
False
Let h(j) be the second derivative of j**5/20 + 11*j**4/12 + j**3/3 - 7*j**2/2 - 5*j. Is h(-6) a composite number?
True
Let i be 0 + 1*10/2. Let v = i + -2. Suppose v*m = g + 170, -2*m - 120 = -4*m + 2*g. Is m composite?
True
Suppose 0 = -0*x - x + 38. Let i = -1 + x. Is i a composite number?
False
Let h(q) = q**2 + 2*q + 6. Let b be h(-6). Let l = b + 47. Suppose -2*j + 308 = 4*d, 2*j + l = -d + 2*d. Is d a prime number?
False
Let s(v) = -v**2 + 7*v - 7. Let n be s(6). Let p be (n - 0)*0/5. Suppose -k + p*k + 57 = 0. Is k composite?
True
Let k be 12/10*(-15)/(-6). Suppose -k*o - 5 = -p - 2, o - p - 1 = 0. Is 0 + (o - -40 - 1) a prime number?
True
Let l = 9494 - 6483. Is l prime?
True
Let x be 6/(4/(-4)) - 0. Let s(j) = -8*j + 1. Is s(x) a composite number?
True
Let o(j) = j - 6. Let r be o(8). Suppose 3*d - 252 = -y, -2*y = -5*d + r*y + 403. Is d a prime number?
True
Let z(u) = 9*u**2 - 5*u + 13. Is z(-9) prime?
True
Let p = 2212 + -1424. Let i = p - 87. Is i composite?
False
Let f be (-4 - -3)/(1/(-202)). Let a = -93 + f. Is a composite?
False
Let i = -508 + 1038. Suppose 0 = -5*h - 145 + i. Is h a prime number?
False
Suppose 0*w - 4*w + 2*s - 6 = 0, -4*s = -12. Suppose w = 5*n - 4*t - 123, 0*n + 56 = 2*n - 5*t. Is n composite?
False
Let v = 120 + -77. Is v a prime number?
True
Is 78147/81 - (-4)/18 a composite number?
True
Suppose 5*n = 5*f - 25, 2*n + 10 = -9*f + 4*f. Let b(i) = -31*i + 1. Let x be b(-4). Suppose f*c = -5*c + x. Is c composite?
True
Suppose -3*h = -6*h - 1602. Let x = 1335 + h. Suppose 0*z = 5*z - 4*d - x, -5*d + 327 = 2*z. Is z a composite number?
True
Let f(n) = n**2 - 8*n + 8. Let l be (18/4)/((-3)/(-4)). Let z be f(l). Let r(w) = -2*w - 5. Is r(z) a prime number?
True
Let j(g) = g**2 - 2*g + 3. Let t be j(2). Let a be (t - 1)*(-5 - -6). Suppose -x + 43 = -3*c - 0*c, -5*x + a*c + 163 = 0. Is x a composite number?
False
Let i(r) be the second derivative of r**5/20 - r**4/6 - r**3/6 - 2*r**2 - 3*r. Let c be i(3). Suppose -c*l = d - 95, -3*l + 5 = -4. Is d a prime number?
True
Is (10/15)/((-4)/(-534)) prime?
True
Let b(l) = l**2 - 3*l + 3. Let h be b(2). Suppose -h + 0 = k, -5*o + 168 = -3*k. Is o prime?
False
Let m = -438 + 775. Is m a prime number?
True
Let g = -628 - -1071. Is g prime?
True
Let u be (-8)/((-2)/(-52)*-2). Suppose 0 = -g + 3*g - u. Suppose -l + g = l. Is l a prime number?
False
Suppose 3*o + c = 39, -3*o + 52 = o + 5*c. Is o composite?
False
Suppose a - 5*p - 1061 = -114, -3*a = p - 2905. Is a a composite number?
False
Let h(o) = o**2 - 8*o - 3. Let m be h(10). Suppose -3*n = -16 - m. Is n a prime number?
True
Let t = -80 + 166. Suppose -4*h - t = -366. Suppose -4*l + 64 = -5*o + 211, -4*l = 2*o - h. Is o prime?
True
Suppose -6 = -2*n + 3*b, -5*n - 1 = -2*b - 16. Suppose j + 64 = 5*p, -n*p - p = 2*j - 54. Is p prime?
True
Suppose 4*r - 4*g = -3*g + 25, -3*r + 5 = 2*g. Let l = r - -18. Suppose 2*a + 3*s = 6 + l, -4*s = 12. Is a prime?
True
Let f = 25 - 45. Let w = 19 - 32. Is f/8*(w + -1) prime?
False
Is (-1)/((-24)/18) + 15041/4 prime?
True
Let p(j) = j**2 + 4*j + 6. Let w be p(-7). Let u = w + -5. Is u a prime number?
False
Suppose 148 = -3*c - 5*b + 1346, -3*c + b + 1204 = 0. Is c prime?
True
Suppose -4*g = 3*s - 4838, -3*s - g + 2*g + 4858 = 0. Is s a prime number?
False
Suppose -40 = -5*w - o, 0 = 3*w + 4*o - 19 - 22. Let z(h) = h**2 - 9*h + 3. Let n(i) = -i - 1. Let s(f) = -n(f) - z(f). Is s(w) a prime number?
True
Let q(l) = l**2 - 5*l + 4. Let w be q(5). Suppose -w*a + 133 = -3*a. Is a composite?
True
Suppose 0 = w - 0*w + 5*z - 53, -4*z = -w + 26. Let y(o) = 9*o**2 + 2*o + 1. Let f be y(-1). Suppose f + w = 2*q. Is q a composite number?
False
Suppose 2*r = 3*s + 1, r + 1 = 2*s - 0. Suppose 507 - 126 = s*a. Is a prime?
True
Is ((-435)/6)/((-2)/4) a composite number?
True
Suppose -5 = -2*s - 19. Let p(t) be the second derivative of -t**5/20 - 7*t**4/12 - t**3/6 + t. Is p(s) a prime number?
True
Suppose 5*t - 2*t - 825 = 0. Suppose c - t = -4*c. Is c prime?
False
Suppose -2*x + 2*d = -6, -3*d = -3*x + 2*d + 13. Let r be 27*(7 + -1 + x). Suppose 5*b = r - 34. Is b a prime number?
True
Let a(l) = -4*l - 17. Let b be a(-5). Is 0 + -2 + 252 + b prime?
False
Suppose 4*o = 4*n + 174 - 10, -129 = -3*o + n. Suppose 2*u + m = -m + o, 4*m = 0. Is u composite?
True
Suppose -2*c + 52 - 16 = 0. Let n = c + 49. Is n prime?
True
Is (1435 - 0) + (-10 - -14) composite?
False
Suppose 0*t + 12 = 4*t. Suppose 2*l + t*o = 145, -l - l + 4*o = -110. Is l a prime number?
False
Suppose 388 = -43*p + 47*p. Is p composite?
False
Let s(m) = -4*m**3 + 2*m**2 - 6*m - 1. Is s(-5) a composite number?
True
Let c be (4/10)/((-4)/(-10)). Is -74*c*(-2)/4 a composite number?
False
Suppose 3*m + 20 = 1691. Is m prime?
True
Let j = -9 - -2. Let b = -2 - j. Suppose 3*p - 7 = b. Is p a composite number?
True
Suppose 3*o + 1 = -14, u = -o + 1436. Suppose 4*t - 3*t = 5*r + 474, -u = -3*t - 4*r. Is t prime?
True
Let k(w) = w**3 - 2*w**2 + 5*w - 3. Let y(z) = z. Let f(p) = k(p) + y(p). Suppose -3*c + 12 = -2*x + 2*c, -5*c = -20. Is f(x) prime?
True
Suppose -3*m - 68 = 3*q + 2*m, q + 16 = 5*m. Suppose -3*s = -3*g, -s = 4*s + 4*g - 18. Is ((q - s) + 0)*-1 composite?
False
Let i(s) = 6*s**2 + 5*s - 12. Is i(5) a composite number?
False
Suppose 1 = -2*h + 5. Suppose -h*r + 80 = 3*r - 3*l, -3*l = 5*r - 50. Is r a prime number?
True
Let x(y) = 44*y**3 + y**2 - 3*y + 1. Let i be x(1). Suppose 5*j - 298 = -i. Is j prime?
False
Let m(c) = 12*c**2 - 2*c + 7. Is m(-6) composite?
True
Let o = 398 - 61. Is o composite?
False
Let n(z) = -21*z - 4. Let l(t) = -125*t - 25. Let x(m) = -4*l(m) + 25*n(m). Let p be (-1 + 0)*(1 - 0). Is x(p) a composite number?
True
Let f(i) = i**3 + 6*i**2 + 1. Let k be f(-6). Suppose 2*t = 165 + k. Is t a prime number?
True
Let u be 1 - 0 - (-5 + -112). Suppose -37 = -5*k + u. Is k a prime number?
True
Let d be (52/(-10) - 2)*70. Let g = d - -797. Is g composite?
False
Suppose 0 = 5*w + 25, -3*w + 2*w + 111 = 4*v. Let a be (2 - 1) + 39 + -1 + 1. Let h = a - v. Is h prime?
True
Let p(v) = -4*v**3 + 2*v**2 - 6*v + 11. Let r(y) = -7*y**3 + 4*y**2 - 12*y + 21. Let f(c) = -11*p(c) + 6*r(c). Is f(6) prime?
False
Let w = 4 + -5. Is w/(-2)*-7*-58 a composite number?
True
Let q = -2 - -6. Let m(h) = h**2 + h - 5. Is m(q) a prime number?
False
Let n = -278 + 459. Is n a prime number?
True
Let o(g) = -38*g - 9. Let x(n) = 38*n + 8. Let f(h) = -2*o(h) - 3*x(h). Let s(z) = -z. Let m(c) = -f(c) - 3*s(c). Is m(5) a prime number?
True
Let x be 289/(-2) - 2/4. Let a = x + 304. Is a a prime number?
False
Let k = -4 - -10. Is -29*k*3/(-6) prime?
False
Suppose -5*l = -3*p + 584, p - 5*l - 787 = -3*p. Is p composite?
True
Let i = -39 - -113. Is i a prime number?
False
Let h(x) = -x - 379. Let q be h(0). Let m = q + -21. Let i = m + 611. Is i prime?
True
Suppose -968 = -5*l + k, -2*l + 584 = l + k. Is l composite?
True
Is 2*(0 + (-3)/6) + 1440 composite?
False
Suppose 4*i = 90 - 10. Suppose 5*f - i = -0*h - 2*h, 13 = -f + 3*h. Suppose 5*m - 4*g - 110 = -g, -3*m = f*g - 47. Is m a prime number?
True
Suppose -2*q + 166 = -8. Let m = q - 28. Is m prime?
True
Suppose 188 = 2*x - 2*m - 3*m, 188 = 2*x - 2*m. Is x prime?
False
Is -7 - (5 + -11) - -1694 composite?
False
Let m(q) = 67*q**3 - q**2 + 1. Suppose -4*r = 2*f + 2, -3*r = -f + 5*f + 9. Is m(r) a composite number?
False
Let i(j) = -7 + 6*j**2 + 2*j + 20*j**2 + 12 - 7*j**2. Is i(4) a composite number?
False
Let q(w) = 20*w**3 + 3*w**2 + 5. Let u be q(-4). Let y be ((-6)/(-9))/((-1)/u). Suppose 245 - y = -3*i. Is i a composite number?
False
Let z be -3*13 - (0 + 1). Let x = 8 + -23. Let p = x - z. Is p a prime number?
False
Let c = 4 - -1. Suppose 5*x = -c*g + 105, -2*g = -4*x + g + 70. Is x a composite number?
False
Let i = -76 + 145. Is i a prime number?
False
Let d(n) = 1262*n**3 - n**2 - n + 1. Is d(1) a composite number?
True
Let t 